 the remainder when 61157 is divided by 18032?
7061
Calculate the remainder when 4224489 is divided by 216.
177
What is the remainder when 799858 is divided by 2210?
2048
What is the remainder when 38379 is divided by 1788?
831
Calculate the remainder when 46758134 is divided by 681.
674
What is the remainder when 170611 is divided by 34061?
306
Calculate the remainder when 27526948 is divided by 111.
58
Calculate the remainder when 2742334 is divided by 48.
46
Calculate the remainder when 10620 is divided by 2119.
25
Calculate the remainder when 180237577 is divided by 7101.
7096
Calculate the remainder when 16540711 is divided by 504.
439
What is the remainder when 1559467 is divided by 50304?
43
Calculate the remainder when 710456 is divided by 118395.
86
What is the remainder when 12360 is divided by 7161?
5199
What is the remainder when 26343701 is divided by 13171841?
19
Calculate the remainder when 368742 is divided by 2792.
198
Calculate the remainder when 186947 is divided by 9839.
6
Calculate the remainder when 59390 is divided by 2828.
2
What is the remainder when 79513 is divided by 78887?
626
Calculate the remainder when 74662314 is divided by 1377.
1374
Calculate the remainder when 35986 is divided by 1445.
1306
Calculate the remainder when 759550 is divided by 953.
9
Calculate the remainder when 28642753 is divided by 883.
882
What is the remainder when 3900348 is divided by 17412?
60
What is the remainder when 121934 is divided by 121774?
160
What is the remainder when 34315 is divided by 86?
1
Calculate the remainder when 7361335 is divided by 22443.
31
Calculate the remainder when 6145785 is divided by 3072879.
27
What is the remainder when 105142291 is divided by 46?
45
What is the remainder when 8088219 is divided by 5672?
5619
What is the remainder when 373021 is divided by 1326?
415
What is the remainder when 7386088 is divided by 1817?
1800
Calculate the remainder when 88521 is divided by 1417.
667
What is the remainder when 163634 is divided by 446?
398
What is the remainder when 3945437 is divided by 284?
109
Calculate the remainder when 36167303 is divided by 69286.
11
Calculate the remainder when 1968958 is divided by 5102.
4688
Calculate the remainder when 45253896 is divided by 838035.
6
What is the remainder when 2502197 is divided by 5268?
5165
What is the remainder when 1101358 is divided by 6412?
4906
What is the remainder when 9412467 is divided by 355?
352
What is the remainder when 620459 is divided by 581?
532
What is the remainder when 100999 is divided by 1207?
818
What is the remainder when 40762 is divided by 30790?
9972
Calculate the remainder when 572682 is divided by 3046.
34
Calculate the remainder when 6202256 is divided by 886032.
32
Calculate the remainder when 545188 is divided by 650.
488
Calculate the remainder when 159212820 is divided by 139.
135
What is the remainder when 1638146 is divided by 1773?
1667
What is the remainder when 2214603 is divided by 1107293?
17
Calculate the remainder when 2859644 is divided by 32.
28
What is the remainder when 14050570 is divided by 33?
28
What is the remainder when 414601 is divided by 206684?
1233
Calculate the remainder when 60076 is divided by 3052.
2088
What is the remainder when 4109067 is divided by 1624?
347
What is the remainder when 1394676 is divided by 154936?
252
What is the remainder when 966840 is divided by 241637?
292
Calculate the remainder when 18722265 is divided by 35.
30
Calculate the remainder when 24487 is divided by 8032.
391
What is the remainder when 461720 is divided by 76714?
1436
Calculate the remainder when 240324 is divided by 940.
624
Calculate the remainder when 1418760 is divided by 128892.
948
Calculate the remainder when 4173720 is divided by 853.
844
What is the remainder when 45969985 is divided by 146?
133
Calculate the remainder when 2808161 is divided by 726.
719
What is the remainder when 1411873 is divided by 3590?
1003
Calculate the remainder when 127943 is divided by 42237.
1232
What is the remainder when 58462852 is divided by 89?
87
Calculate the remainder when 6435821 is divided by 825.
821
What is the remainder when 1200074 is divided by 383?
135
What is the remainder when 3152442 is divided by 2654?
2144
What is the remainder when 242516 is divided by 190?
76
What is the remainder when 122163 is divided by 113?
10
What is the remainder when 16057215 is divided by 29?
2
What is the remainder when 2662912 is divided by 887206?
1294
Calculate the remainder when 9213572 is divided by 323.
320
Calculate the remainder when 22447550 is divided by 5611880.
30
What is the remainder when 363204 is divided by 987?
975
What is the remainder when 49868 is divided by 4957?
298
What is the remainder when 26077265 is divided by 514?
503
Calculate the remainder when 5564927 is divided by 3616.
3519
What is the remainder when 10435143 is divided by 902?
807
What is the remainder when 170847 is divided by 18983?
0
What is the remainder when 66721819 is divided by 3476?
3475
What is the remainder when 8734620 is divided by 1712?
1708
What is the remainder when 1338000 is divided by 6756?
312
What is the remainder when 2528575 is divided by 586?
571
What is the remainder when 72762699 is divided by 5197335?
9
Calculate the remainder when 1153449 is divided by 61.
0
Calculate the remainder when 68677 is divided by 81.
70
Calculate the remainder when 60985606 is divided by 602.
598
Calculate the remainder when 30720900 is divided by 53.
33
Calculate the remainder when 1149093 is divided by 17.
12
Calculate the remainder when 3485201 is divided by 1742450.
301
What is the remainder when 242388 is divided by 107?
33
Calculate the remainder when 411086 is divided by 58721.
39
Calculate the remainder when 926335 is divided by 2154.
115
Calculate the remainder when 11053 is divided by 948.
625
Calculate the remainder when 54138 is divided by 52985.
1153
What is the remainder when 9187 is divided by 346?
191
Calculate the remainder when 3744913 is divided by 80.
33
Calculate the remainder when 14398 is divided by 2051.
41
Calculate the remainder when 29386 is divided by 5824.
266
Calculate the remainder when 313986224 is divided by 17.
15
Calculate the remainder when 23683 is divided by 823.
639
What is the remainder when 35322885 is divided by 57?
42
What is the remainder when 193111 is divided by 436?
399
What is the remainder when 565642 is divided by 2535?
337
Calculate the remainder when 23124640 is divided by 24.
16
Calculate the remainder when 6738567 is divided by 5.
2
What is the remainder when 1590910 is divided by 36?
34
Calculate the remainder when 11941709 is divided by 78050.
59
Calculate the remainder when 1797789117 is divided by 228.
225
Calculate the remainder when 1325379 is divided by 60244.
11
Calculate the remainder when 25635348 is divided by 31766.
186
What is the remainder when 6856751 is divided by 16642?
247
What is the remainder when 1478016 is divided by 91?
85
What is the remainder when 114100 is divided by 627?
613
What is the remainder when 1243242 is divided by 196?
14
What is the remainder when 746835 is divided by 93350?
35
What is the remainder when 3615185 is divided by 258226?
21
Calculate the remainder when 300882 is divided by 6610.
3432
Calculate the remainder when 902162 is divided by 6265.
2
What is the remainder when 931376 is divided by 35799?
602
What is the remainder when 6122912 is divided by 2040965?
17
What is the remainder when 1074383 is divided by 2487?
2486
Calculate the remainder when 692370 is divided by 9613.
234
What is the remainder when 22916 is divided by 1834?
908
Calculate the remainder when 247907 is divided by 123913.
81
What is the remainder when 45122 is divided by 1225?
1022
Calculate the remainder when 2612915 is divided by 266.
263
Calculate the remainder when 39280 is divided by 1635.
40
Calculate the remainder when 26222 is divided by 405.
302
What is the remainder when 22084420 is divided by 4955?
4940
Calculate the remainder when 80530 is divided by 4141.
1851
Calculate the remainder when 26264846 is divided by 2649.
11
Calculate the remainder when 161933919 is divided by 40.
39
What is the remainder when 1121925 is divided by 281?
173
Calculate the rema